{"id":5847,"date":"2024-07-26T16:14:45","date_gmt":"2024-07-26T16:14:45","guid":{"rendered":"https:\/\/lagaleriaroja.com\/?post_type=product&#038;p=5847"},"modified":"2024-11-02T18:34:55","modified_gmt":"2024-11-02T18:34:55","slug":"workshop-acuarela-con-nacho-munoz","status":"publish","type":"product","link":"https:\/\/lagaleriaroja.com\/en\/producto\/workshop-acuarela-con-nacho-munoz\/","title":{"rendered":"WORKSHOP ACUARELA con Nacho Mu\u00f1oz."},"content":{"rendered":"<p><strong>WORKSHOP de ACUARELA con Nacho Mu\u00f1oz.<\/strong><\/p>\n<p><strong>FECHA<\/strong>:1 y 2 Noviembre, 2024.<\/p>\n<p><strong>HORARIO:<\/strong> (Horario peninsular espa\u00f1ol)<\/p>\n<p><strong>M\u00d3DULO I. INICIACI\u00d3N A LA ACUARELA BOT\u00c1NICA<\/strong>. Viernes de 18:00h a 22:00h<\/p>\n<p><strong>M\u00d3DULOS II. ACUARELA BOT\u00c1NICA EN NEGATIVO.<\/strong> S\u00e1bado de\u00a0 10:00h a 14:00h<\/p>\n<p><strong>M\u00d3DULO III. CUADERNO DE VIAJE EN ACUARELA<\/strong>.\u00a0 S\u00e1bado de 16:00h a 20:00h<\/p>\n<p><strong>Lugar<\/strong>: La Galeria Roja. Calle Peral, 57. 41002, Sevilla.<\/p>\n<p><b>IDIOMA durante el taller: <\/b>Espa\u00f1ol.<\/p>\n<p>INFO: info@lagaleriaroja.com<\/p>\n<p><strong>PRECIO<\/strong>:<\/p>\n<p>70\u20ac Un m\u00f3dulo<\/p>\n<p>120\u20ac Dos m\u00f3dulos<\/p>\n<p>150\u20ac Tres m\u00f3dulos<\/p>\n<div><strong>TODA LA INFORMACI\u00d3N DEL CURSO<\/strong> en el siguiente enlace:\u00a0<a href=\"https:\/\/lagaleriaroja.com\/wp-content\/uploads\/2024\/07\/DOSSIER-SEVILLA.pdf\">https:\/\/lagaleriaroja.com\/wp-content\/uploads\/2024\/07\/DOSSIER-SEVILLA.pdf<\/a><\/div>\n<p><\/p>","protected":false},"excerpt":{"rendered":"<p><strong>WORKSHOP de ACUARELA con Nacho Mu\u00f1oz.<\/strong><\/p>\n<p><strong>FECHA<\/strong>:1 y 2 Noviembre, 2024.<\/p>\n<p><strong>HORARIO:<\/strong> (Horario peninsular espa\u00f1ol)<\/p>\n<p><strong>M\u00d3DULO I. INICIACI\u00d3N A LA ACUARELA BOT\u00c1NICA<\/strong>. Viernes de 18:00h a 22:00h<\/p>\n<p><strong>M\u00d3DULOS II. ACUARELA BOT\u00c1NICA EN NEGATIVO.<\/strong> S\u00e1bado de\u00a0 10:00h a 14:00h<\/p>\n<p><strong>M\u00d3DULO III. CUADERNO DE VIAJE EN ACUARELA<\/strong>.\u00a0 S\u00e1bado de 16:00h a 20:00h<\/p>\n<p><strong>Lugar<\/strong>: La Galeria Roja. Calle Peral, 57. 41002, Sevilla.<\/p>\n<p><b>IDIOMA durante el taller: <\/b>Espa\u00f1ol.<\/p>\n<p>INFO: info@lagaleriaroja.com<\/p>\n<p><strong>PRECIO<\/strong>:<\/p>\n<p>70\u20ac Un m\u00f3dulo<\/p>\n<p>120\u20ac Dos m\u00f3dulos<\/p>\n<p>150\u20ac Tres m\u00f3dulos<\/p>\n<div><strong>TODA LA INFORMACI\u00d3N DEL CURSO<\/strong> en el siguiente enlace:\u00a0<a href=\"https:\/\/lagaleriaroja.com\/wp-content\/uploads\/2024\/07\/DOSSIER-SEVILLA.pdf\">https:\/\/lagaleriaroja.com\/wp-content\/uploads\/2024\/07\/DOSSIER-SEVILLA.pdf<\/a><\/div>\n","protected":false},"featured_media":6211,"comment_status":"open","ping_status":"closed","template":"","meta":{"_acf_changed":false},"product_brand":[],"product_cat":[94],"product_tag":[],"class_list":{"0":"post-5847","1":"product","2":"type-product","3":"status-publish","4":"has-post-thumbnail","6":"product_cat-workshops","8":"first","9":"outofstock","10":"taxable","11":"shipping-taxable","12":"purchasable","13":"product-type-variable"},"acf":[],"_links":{"self":[{"href":"https:\/\/lagaleriaroja.com\/en\/wp-json\/wp\/v2\/product\/5847","targetHints":{"allow":["GET"]}}],"collection":[{"href":"https:\/\/lagaleriaroja.com\/en\/wp-json\/wp\/v2\/product"}],"about":[{"href":"https:\/\/lagaleriaroja.com\/en\/wp-json\/wp\/v2\/types\/product"}],"replies":[{"embeddable":true,"href":"https:\/\/lagaleriaroja.com\/en\/wp-json\/wp\/v2\/comments?post=5847"}],"wp:featuredmedia":[{"embeddable":true,"href":"https:\/\/lagaleriaroja.com\/en\/wp-json\/wp\/v2\/media\/6211"}],"wp:attachment":[{"href":"https:\/\/lagaleriaroja.com\/en\/wp-json\/wp\/v2\/media?parent=5847"}],"wp:term":[{"taxonomy":"product_brand","embeddable":true,"href":"https:\/\/lagaleriaroja.com\/en\/wp-json\/wp\/v2\/product_brand?post=5847"},{"taxonomy":"product_cat","embeddable":true,"href":"https:\/\/lagaleriaroja.com\/en\/wp-json\/wp\/v2\/product_cat?post=5847"},{"taxonomy":"product_tag","embeddable":true,"href":"https:\/\/lagaleriaroja.com\/en\/wp-json\/wp\/v2\/product_tag?post=5847"}],"curies":[{"name":"wp","href":"https:\/\/api.w.org\/{rel}","templated":true}]}}

WORKSHOP ACUARELA con Nacho Muñoz.

<p><strong>WORKSHOP de ACUARELA con Nacho Muñoz.</strong></p>
<p><strong>FECHA</strong>:1 y 2 Noviembre, 2024.</p>
<p><strong>HORARIO:</strong> (Horario peninsular español)</p>
<p><strong>MÓDULO I. INICIACIÓN A LA ACUARELA BOTÁNICA</strong>. Viernes de 18:00h a 22:00h</p>
<p><strong>MÓDULOS II. ACUARELA BOTÁNICA EN NEGATIVO.</strong> Sábado de  10:00h a 14:00h</p>
<p><strong>MÓDULO III. CUADERNO DE VIAJE EN ACUARELA</strong>.  Sábado de 16:00h a 20:00h</p>
<p><strong>Lugar</strong>: La Galeria Roja. Calle Peral, 57. 41002, Sevilla.</p>
<p><b>IDIOMA durante el taller: </b>Español.</p>
<p>INFO: info@lagaleriaroja.com</p>
<p><strong>PRECIO</strong>:</p>
<p>70€ Un módulo</p>
<p>120€ Dos módulos</p>
<p>150€ Tres módulos</p>
<div><strong>TODA LA INFORMACIÓN DEL CURSO</strong> en el siguiente enlace: <a href="https://lagaleriaroja.com/wp-content/uploads/2024/07/DOSSIER-SEVILLA.pdf">https://lagaleriaroja.com/wp-content/uploads/2024/07/DOSSIER-SEVILLA.pdf</a></div>
<p></p>

<p><strong>WORKSHOP de ACUARELA con Nacho Muñoz.</strong></p>
<p><strong>FECHA</strong>:1 y 2 Noviembre, 2024.</p>
<p><strong>HORARIO:</strong> (Horario peninsular español)</p>
<p><strong>MÓDULO I. INICIACIÓN A LA ACUARELA BOTÁNICA</strong>. Viernes de 18:00h a 22:00h</p>
<p><strong>MÓDULOS II. ACUARELA BOTÁNICA EN NEGATIVO.</strong> Sábado de  10:00h a 14:00h</p>
<p><strong>MÓDULO III. CUADERNO DE VIAJE EN ACUARELA</strong>.  Sábado de 16:00h a 20:00h</p>
<p><strong>Lugar</strong>: La Galeria Roja. Calle Peral, 57. 41002, Sevilla.</p>
<p><b>IDIOMA durante el taller: </b>Español.</p>
<p>INFO: info@lagaleriaroja.com</p>
<p><strong>PRECIO</strong>:</p>
<p>70€ Un módulo</p>
<p>120€ Dos módulos</p>
<p>150€ Tres módulos</p>
<div><strong>TODA LA INFORMACIÓN DEL CURSO</strong> en el siguiente enlace: <a href="https://lagaleriaroja.com/wp-content/uploads/2024/07/DOSSIER-SEVILLA.pdf">https://lagaleriaroja.com/wp-content/uploads/2024/07/DOSSIER-SEVILLA.pdf</a></div>
